ndreds digit of 245906?
9
What is the tens digit of 27382?
8
What is the units digit of 14063?
3
What is the hundreds digit of 9821305?
3
What is the hundreds digit of 234299?
2
What is the tens digit of 1948807?
0
What is the ten thousands digit of 415999?
1
What is the hundreds digit of 1234537?
5
What is the ten thousands digit of 1994066?
9
What is the units digit of 426914?
4
What is the units digit of 1705931?
1
What is the tens digit of 6875672?
7
What is the ten thousands digit of 3643372?
4
What is the ten thousands digit of 12602364?
0
What is the ten thousands digit of 8237996?
3
What is the hundred thousands digit of 12153064?
1
What is the units digit of 3416779?
9
What is the thousands digit of 3714838?
4
What is the units digit of 7613965?
5
What is the ten thousands digit of 911397?
1
What is the hundred thousands digit of 1301336?
3
What is the ten thousands digit of 54355?
5
What is the hundreds digit of 1172464?
4
What is the thousands digit of 931082?
1
What is the tens digit of 682387?
8
What is the ten thousands digit of 885108?
8
What is the hundred thousands digit of 2632283?
6
What is the ten thousands digit of 4434820?
3
What is the ten thousands digit of 4950711?
5
What is the hundreds digit of 161607?
6
What is the hundred thousands digit of 119032?
1
What is the tens digit of 12661864?
6
What is the hundred thousands digit of 14086590?
0
What is the ten thousands digit of 680766?
8
What is the tens digit of 467634?
3
What is the tens digit of 122159?
5
What is the tens digit of 247869?
6
What is the tens digit of 2565239?
3
What is the thousands digit of 241306?
1
What is the millions digit of 3416040?
3
What is the tens digit of 13481835?
3
What is the ten thousands digit of 31374511?
7
What is the units digit of 2474938?
8
What is the ten thousands digit of 63870?
6
What is the ten thousands digit of 292161?
9
What is the tens digit of 782247?
4
What is the hundreds digit of 294769?
7
What is the units digit of 9054457?
7
What is the hundreds digit of 426681?
6
What is the ten thousands digit of 1525730?
2
What is the tens digit of 469109?
0
What is the hundreds digit of 222146?
1
What is the hundred thousands digit of 123995?
1
What is the tens digit of 5912144?
4
What is the thousands digit of 6692062?
2
What is the millions digit of 3728508?
3
What is the thousands digit of 23850471?
0
What is the units digit of 81279?
9
What is the thousands digit of 9092387?
2
What is the hundreds digit of 680015?
0
What is the hundred thousands digit of 1665350?
6
What is the thousands digit of 462229?
2
What is the ten thousands digit of 1918491?
1
What is the tens digit of 5048261?
6
What is the units digit of 8359400?
0
What is the units digit of 146400?
0
What is the ten thousands digit of 232970?
3
What is the units digit of 378887?
7
What is the tens digit of 408300?
0
What is the ten thousands digit of 4210874?
1
What is the millions digit of 11019142?
1
What is the hundreds digit of 106498?
4
What is the units digit of 537725?
5
What is the hundreds digit of 23392?
3
What is the tens digit of 128421?
2
What is the ten thousands digit of 201110?
0
What is the units digit of 1218945?
5
What is the hundred thousands digit of 3432368?
4
What is the millions digit of 3786496?
3
What is the tens digit of 145573?
7
What is the hundreds digit of 4893633?
6
What is the hundreds digit of 116421?
4
What is the hundred thousands digit of 2225470?
2
What is the thousands digit of 13413747?
3
What is the thousands digit of 1397150?
7
What is the ten thousands digit of 28737854?
3
What is the tens digit of 3160564?
6
What is the thousands digit of 2674980?
4
What is the hundred thousands digit of 12841920?
8
What is the tens digit of 112339?
3
What is the thousands digit of 170086?
0
What is the hundreds digit of 223617?
6
What is the tens digit of 282392?
9
What is the tens digit of 657789?
8
What is the hundreds digit of 19296361?
3
What is the thousands digit of 21085751?
5
What is the tens digit of 167014?
1
What is the units digit of 227726?
6
What is the tens digit of 2015480?
8
What is the ten thousands digit of 366939?
6
What is the tens digit of 33454903?
0
What is the hundred thousands digit of 2543160?
5
What is the hundred thousands digit of 868836?
8
What is the tens digit of 427143?
4
What is the ten thousands digit of 156303?
5
What is the thousands digit of 106959?
6
What is the units digit of 781756?
6
What is the ten thousands digit of 539730?
3
What is the ten thousands digit of 16927?
1
What is the hundred thousands digit of 3764315?
7
What is the ten thousands digit of 1889209?
8
What is the hundreds digit of 182504?
5
What is the hundreds digit of 2082673?
6
What is the hundreds digit of 5038772?
7
What is the units digit of 30644512?
2
What is the units digit of 8843637?
7
What is the units digit of 849378?
8
What is the thousands digit of 22256?
2
What is the hundred thousands digit of 243623?
2
What is the units digit of 2308542?
2
What is the thousands digit of 464921?
4
What is the thousands digit of 397386?
7
What is the ten thousands digit of 868003?
6
What is the units digit of 40953982?
2
What is the hundreds digit of 2443928?
9
What is the units digit of 1358625?
5
What is the units digit of 2426601?
1
What is the ten thousands digit of 554672?
5
What is the millions digit of 1731034?
1
What is the ten thousands digit of 18596?
1
What is the hundreds digit of 456344?
3
What is the thousands digit of 13844?
3
What is the ten thousands digit of 211148?
1
What is the hundreds digit of 2014305?
3
What is the thousands digit of 3187957?
7
What is the hundreds digit of 117480?
4
What is the hundred thousands digit of 24934371?
9
What is the units digit of 129376?
6
What is the hundreds digit of 6510767?
7
What is the millions digit of 7375361?
7
What is the hundred thousands digit of 839188?
8
What is the units digit of 210678?
8
What is the thousands digit of 19306?
9
What is the thousands digit of 97209?
7
What is the ten thousands digit of 18339736?
3
What is the hundreds digit of 2950000?
0
What is the ten thousands digit of 684441?
8
What is the hundreds digit of 1895069?
0
What is the millions digit of 2987894?
2
What is the hundreds digit of 739639?
6
What is the hundreds digit of 1234137?
1
What is the hundreds digit of 332716?
7
What is the tens digit of 1499399?
9
What is the units digit of 8789934?
4
What is the hundreds digit of 116089?
0
What is the units digit of 822647?
7
What is the tens digit of 23301?
0
What is the units digit of 7053125?
5
What is the ten thousands digit of 1043327?
4
What is the thousands digit of 95083?
5
What is the hundreds digit of 15067892?
8
What is the units digit of 6137186?
6
What is the units digit of 2661562?
2
What is the thousands digit of 298889?
8
What is the hundreds digit of 138963?
9
What is the millions digit of 10345444?
0
What is the ten millions digit of 26399457?
2
What is the units digit of 1013333?
3
What is the units digit of 468695?
5
What is the tens digit of 974151?
5
What is the tens digit of 11504244?
4
What is the ten thousands digit of 1251406?
5
What is the hundred thousands digit of 250908?
2
What is the hundred thousands digit of 918245?
9
What is the units digit of 626865?
5
What is the millions digit of 1019015?
1
What is the hundred thousands digit of 516949?
5
What is the units digit of 229050?
0
What is the millions digit of 14760594?
4
What is the thousands digit of 12782845?
2
What is the tens digit of 256780?
8
What is the millions digit of 6421077?
6
What is the hundreds digit of 641179?
1
What is the units digit of 151823?
3
What is the ten millions digit of 22923881?
2
What is the thousands digit of 129438?
9
What is the tens digit of 9163649?
4
What is the ten thousands digit of 657625?
5
What is the units digit of 9500463?
3
What is the tens digit of 41894284?
8
What is the millions digit of 1017934?
1
What is the units digit of 225940?
0
What is the tens digit of 21150899?
9
What is the hundreds digit of 5619625?
6
What is the hundred thousands digit of 106224?
1
What is the thousands digit of 6735663?
5
What is the hundreds digit of 416637?
6
What is the hundred thousands digit of 276253?
2
What is the ten thousan